or of 10990 and 3323376.
2198
Calculate the highest common divisor of 12057 and 108589361.
4019
What is the greatest common factor of 248 and 86012?
4
Calculate the greatest common divisor of 4287764 and 21736.
52
Calculate the greatest common factor of 60490828 and 3128.
1564
Calculate the greatest common factor of 636075 and 1725.
75
Calculate the highest common factor of 1946 and 4521392.
278
Calculate the highest common factor of 10219 and 7216.
11
Calculate the greatest common factor of 7 and 324080.
1
What is the greatest common factor of 11684 and 2149212?
92
What is the highest common factor of 187322443 and 539?
539
Calculate the highest common factor of 1070 and 311830.
10
Calculate the highest common factor of 15019 and 229203.
653
What is the greatest common divisor of 3985 and 154335065?
3985
What is the greatest common divisor of 197073276 and 3396?
3396
Calculate the greatest common factor of 4453 and 626705.
73
Calculate the highest common factor of 13832152 and 106.
106
What is the highest common factor of 252 and 799932924?
252
What is the highest common factor of 90 and 6262182?
18
Calculate the highest common divisor of 917077 and 574.
7
Calculate the greatest common divisor of 15838563 and 104.
13
What is the greatest common divisor of 250601 and 60151013?
6773
What is the greatest common factor of 96019 and 44051?
203
Calculate the highest common divisor of 126924247 and 5305.
1061
Calculate the highest common factor of 4865 and 284583040.
4865
Calculate the greatest common divisor of 43237102 and 92.
46
What is the greatest common divisor of 43407 and 14167907?
689
What is the highest common factor of 69670341 and 189?
27
What is the highest common factor of 3638015 and 1290?
215
What is the greatest common factor of 70 and 62505360?
10
Calculate the greatest common factor of 754125 and 31375.
125
Calculate the highest common factor of 2796192 and 270.
18
Calculate the greatest common divisor of 2137394 and 378.
14
What is the highest common divisor of 6 and 65047764?
6
What is the highest common divisor of 875225 and 4157992?
2693
Calculate the highest common divisor of 696 and 19934328.
24
Calculate the highest common factor of 580275 and 24075.
225
What is the greatest common divisor of 29736 and 259035?
21
What is the highest common divisor of 97381411 and 6332?
1583
What is the highest common divisor of 31350 and 651016950?
2850
What is the greatest common factor of 36 and 30998236?
4
What is the highest common factor of 4 and 1894789448?
4
Calculate the highest common factor of 109626 and 14322.
66
What is the greatest common divisor of 504 and 101685528?
504
What is the greatest common factor of 7209 and 3904608?
267
Calculate the greatest common divisor of 45016662 and 38.
38
Calculate the greatest common factor of 771904822 and 1768.
442
What is the highest common divisor of 505891163 and 879?
293
Calculate the greatest common factor of 303 and 634605.
3
Calculate the highest common factor of 27809004 and 115908.
8916
Calculate the greatest common divisor of 2032275 and 17493.
1029
Calculate the greatest common factor of 28520 and 328693.
713
Calculate the greatest common factor of 703 and 150875048.
703
What is the highest common factor of 975300 and 1800?
300
Calculate the highest common divisor of 802468944 and 36.
36
What is the greatest common divisor of 7102262515 and 4223?
4223
What is the greatest common factor of 2211657 and 69?
69
Calculate the greatest common divisor of 7992 and 4951784.
296
What is the highest common factor of 690 and 1605078?
138
What is the highest common factor of 1232176 and 1375?
11
Calculate the greatest common divisor of 101088 and 1329426.
54
What is the greatest common factor of 972312 and 8976?
264
What is the greatest common factor of 7404 and 174784377?
1851
Calculate the greatest common factor of 1452 and 46968.
12
What is the greatest common divisor of 129891234 and 24486?
3498
Calculate the highest common factor of 67760716 and 14609.
2087
Calculate the greatest common divisor of 34 and 15991543.
17
Calculate the highest common divisor of 8403893 and 82.
41
Calculate the greatest common factor of 1886544 and 1980.
396
Calculate the highest common divisor of 24 and 31672040.
8
What is the greatest common factor of 902693 and 120560?
1507
Calculate the greatest common divisor of 529 and 70909.
23
What is the greatest common divisor of 71 and 10083781?
1
Calculate the greatest common divisor of 2129782 and 1770.
118
Calculate the greatest common divisor of 384 and 234746256.
48
What is the greatest common divisor of 50036675 and 169?
169
What is the greatest common divisor of 684 and 159881922?
342
What is the greatest common divisor of 140 and 542241140?
140
What is the greatest common factor of 10235 and 265576?
89
What is the greatest common factor of 9 and 102577014?
9
Calculate the greatest common divisor of 1548841 and 365.
73
Calculate the greatest common factor of 13041 and 9038862.
1449
What is the highest common factor of 426769231 and 398?
199
Calculate the greatest common divisor of 13749295 and 595.
35
Calculate the greatest common divisor of 1433691 and 3528.
441
What is the highest common factor of 3668 and 3889652?
524
Calculate the greatest common divisor of 1656 and 11274462.
414
What is the greatest common divisor of 111771143 and 22?
11
Calculate the greatest common divisor of 10156 and 189736.
4
Calculate the highest common factor of 275456 and 137997.
269
Calculate the greatest common divisor of 157612962 and 156.
78
Calculate the highest common divisor of 1624 and 10090724.
812
What is the greatest common divisor of 269639 and 235?
47
What is the greatest common factor of 2998310 and 633?
211
What is the highest common factor of 294 and 258558006?
294
What is the greatest common divisor of 191411788 and 10616?
5308
Calculate the greatest common divisor of 2748960 and 6481055.
9545
What is the highest common factor of 2990 and 2953990?
130
Calculate the highest common divisor of 226052 and 986637.
31
What is the greatest common factor of 48594 and 83811?
273
Calculate the highest common divisor of 432589111 and 1759.
1759
Calculate the highest common factor of 43291286 and 19616.
1226
What is the greatest common factor of 386530 and 4915?
5
What is the highest common factor of 29180512 and 41920?
4192
Calculate the greatest common divisor of 314329369 and 19.
19
What is the highest common divisor of 49228 and 10098092?
1588
What is the greatest common factor of 1104 and 1043349?
69
Calculate the highest common divisor of 38 and 130383320.
38
Calculate the highest common divisor of 47 and 98855.
1
What is the greatest common factor of 17018451 and 27999?
1647
Calculate the highest common factor of 2232 and 201438.
558
Calculate the highest common divisor of 959 and 2837818.
137
What is the highest common factor of 14128244 and 208?
52
Calculate the greatest common divisor of 788875205 and 645.
215
Calculate the greatest common divisor of 241340 and 5071.
11
What is the greatest common divisor of 18668154 and 96240?
2406
What is the highest common factor of 12 and 17440044?
12
Calculate the greatest common divisor of 80 and 191584.
16
What is the highest common divisor of 423 and 4324893?
141
Calculate the greatest common factor of 6534 and 45576.
54
What is the greatest common factor of 20584 and 51550055?
2573
Calculate the highest common factor of 38163 and 27.
3
Calculate the highest common divisor of 8 and 70532624.
8
What is the highest common factor of 3955 and 442252055?
3955
Calculate the greatest common divisor of 44848 and 132448.
16
What is the greatest common divisor of 3026 and 3099474?
34
Calculate the highest common divisor of 1356377 and 308.
11
Calculate the greatest common divisor of 16 and 2058140400.
16
What is the highest common divisor of 238 and 1188068?
14
Calculate the greatest common divisor of 988809380 and 260.
260
What is the greatest common divisor of 2184 and 433797?
273
What is the greatest common divisor of 917152 and 11168?
32
What is the highest common divisor of 15140 and 32940?
20
What is the highest common factor of 48 and 8789064?
24
Calculate the greatest common factor of 729 and 492768.
9
Calculate the hig